et v(m) = 2*m + 2. Let k(a) = -3*c(a) - v(a). Let w be k(1). Give x(w).
-5
Let s(g) = 4*g - 2*g + 3*g**2 + 0*g**2 + 3*g**3 - 2 - 2*g**3. Let l(q) = 3*q**3 + q**2 - 1. Let a be l(-1). What is s(a)?
-8
Let v(h) = h - 1. Let b(m) = -6*m + 8. Let o(j) = -b(j) - 4*v(j). Suppose -108 = -5*i + 2*i. Let l be 18/42 + i/14. Determine o(l).
2
Let z(w) be the second derivative of -w**4/12 + w**3/6 + w**2 + 3*w. Let i = -47 - -49. Give z(i).
0
Let l(q) be the second derivative of -q**6/360 - q**5/40 + q**4/24 - q**3 - 2*q. Let w(r) be the second derivative of l(r). Determine w(-4).
-3
Let u(b) = 4*b**2 + 2*b - 4. Let n be (1 + 0)*(-3 + 0). Let h(o) = -o**2 - o + 1. Let a(f) = n*h(f) - u(f). Determine a(2).
-1
Let q(w) be the first derivative of w**4/2 - w**3/3 + w - 3. Determine q(2).
13
Let s = 17 - 11. Let l(m) = m + 3. What is l(s)?
9
Suppose -4*f - 4 - 8 = 0. Let x(m) = m + 1. Let z(g) = -3 - 6 - 6 - 15*g. Let k(v) = -18*x(v) - z(v). Calculate k(f).
6
Let u(n) = -n**3 + 6*n**2 - n + 7. Suppose -8*z + 29 = -19. Give u(z).
1
Let w(n) = -n**2 + 2*n + 1. Let z be (2/6)/(1/6). Suppose -2*k + 4*p = -74, -5*k - 2*p - z*p + 115 = 0. Let t be k/3*2/6. What is w(t)?
-2
Suppose -3*g = -4*v - 0*v - 6, -2*g + 4 = 2*v. Let s(x) = -x. Let u(d) = -1. Let z(a) = g*u(a) - s(a). What is z(-4)?
-6
Let s(y) = -y - 3. Let m be s(-6). Suppose -5*z + 6 = -2*z. Let x(c) = c**3 + z + 2*c - 3*c**2 + 4*c**2 - m*c. Determine x(-2).
0
Suppose 0*a + 27 = 5*n - 2*a, 5*a = -5. Suppose -n = -8*x + 3*x. Let r(f) = 2*f. Determine r(x).
2
Let v be 3 - (-1 + 6) - -20. Let n(a) = -v + 4*a + 18. Let c(b) = b**2 + 5*b - 7. Let z be c(-6). Give n(z).
-4
Let k be -1 - (-2)/(5 + -3). Suppose k = d - 1 - 3. Let z(w) = -w**2 + 4*w + 2. Determine z(d).
2
Let b be 1*(-3)/(-3)*2. Let m(h) = -5*h + h**b + 3*h + 9*h + 6. What is m(-5)?
-4
Suppose 112 = -2*q + j, 3*j + 2*j - 128 = 2*q. Let z be q/10 - 2/(-5). Let n(o) = -o + 1. Determine n(z).
6
Let b = -15 + 37. Suppose 0 = -4*v + 2*a + b, a + 27 = v + 3*v. Suppose 3*o = v*o. Let g(t) = t**2 - 3. What is g(o)?
-3
Let n(t) be the second derivative of 7*t**6/720 + t**5/120 - t**4/6 + 5*t. Let i(k) be the third derivative of n(k). Calculate i(-1).
-6
Let v(y) = 3 + 4*y - y**2 - 11*y - 9. Determine v(-4).
6
Suppose -1 - 3 = -2*d. Let y(v) = -2*v**2 + 8*v**d + 4 - v**3 + 2. What is y(6)?
6
Let z(h) = 0*h**2 + 10*h - 47 + h**2 + 2*h + 59. Determine z(-9).
-15
Suppose q + 3*j - 13 = 0, q - 4 - 5 = -j. Let z(y) = 3*y + 10. Let d(m) = -m - 3. Let w(f) = q*d(f) + 2*z(f). Determine w(0).
-1
Suppose 2*t = -5*q + 13, -3*t + 4*t - 4 = 0. Let a(g) = 6*g - 4*g - g. Give a(q).
1
Suppose -c = 4*c + 35. Let h = -11 - c. Let n(r) be the first derivative of -r**3/3 - 3*r**2/2 + 2*r + 3. Determine n(h).
-2
Let i(w) = -w + 7. Let n be i(5). Let h = 3 + -2. Suppose -h = -m + n. Let o(s) = s**2 - s + 3. Give o(m).
9
Let a(x) = x**3 + 4*x**2 - 7*x - 3. Suppose 0 = -4*q - 32 + 12. What is a(q)?
7
Let w(v) = 1 - 22*v - 15*v + 45*v. Give w(1).
9
Let r(q) = -q**2 + 9*q - 3. Let u(a) = 6*a - 1. Let m be u(1). Determine r(m).
17
Let b(m) = m**3 + 4*m**2 - m - 3. Suppose 2 = 4*r + 22. Let k be (0 + -2 - -3) + r. Calculate b(k).
1
Let v(h) = 6*h**3 + 5*h**2 - 6*h + 7. Let j(g) = 7*g**3 + 5*g**2 - 6*g + 7. Let b = -16 + 10. Let l(u) = b*v(u) + 5*j(u). Give l(-6).
-7
Let q(h) = h**2 + 3*h - 2. Let i be q(2). Let k be (3 - i)/(-3 - -2). Let l(r) be the second derivative of -r**3/6 + 3*r**2/2 - r. Give l(k).
-2
Let c(g) = 4*g**2 + 3 + 11*g - g**2 - 14*g - g**2. Determine c(2).
5
Suppose 4*u + 5 = 1. Let l be 1 + (-3 + -3)*u. Let k(z) = 5*z + z**2 - l + 2 - 1. Give k(-6).
0
Let d(l) = 4*l**2 - 4 + l + 4*l - 4*l - l**3. Give d(4).
0
Let o(g) = -4*g. Let t = 5 + -3. Let f(n) = 3*n. Let l(d) = -9*d. Let x(w) = -17*f(w) - 6*l(w). Let a(h) = t*o(h) + 3*x(h). Calculate a(0).
0
Let k(y) = -29*y + 29*y + 2*y**2. Calculate k(2).
8
Let a(r) be the first derivative of r**3 - 3*r**2/2 + r + 2. Let q(s) = -s**3 + 3*s**2 + s - 1. Let n be q(3). Give a(n).
7
Let k(y) be the second derivative of -y**4/12 - y**3 - y**2/2 + 3*y. Let z be k(-5). Let t(x) = -x + 5 - 3*x + x + 4*x**2 - x**3. What is t(z)?
-7
Suppose -5*q + 37 - 7 = 0. Let t(o) = o**3 - 7*o**2 + 5*o + 4. Let i be t(q). Let w(z) = z + 2. Calculate w(i).
0
Let w(i) = i + 4. Suppose 2*k = -2*k + 16. Let z be k/(-6) - (-8)/(-6). Calculate w(z).
2
Let l(o) = 2*o - 3. Suppose -2*r = -3*p - 0*r - 23, -5*p - 33 = 2*r. Let c = 6 + p. Let b(k) = 1. Let f(i) = c*l(i) - 4*b(i). Determine f(3).
-7
Let q(r) be the third derivative of -r**5/60 - r**4/8 + 4*r**3/3 + r**2. Calculate q(-6).
-10
Let q(p) = -p**2 - 4*p. Let b be q(-3). Suppose -b*o = a - 17, -6*o - 32 = -11*o + 2*a. Let s = o + -2. Let k(h) = h**3 - 6*h**2 + 7*h - 5. Determine k(s).
-9
Suppose 3*o - 6 + 0 = 0. Let b(x) = 0 + 2*x - x**2 - o + 0. Determine b(3).
-5
Suppose -4*p + 11 - 3 = 4*i, 0 = -3*p + i + 6. Let g(q) be the second derivative of 1/6*q**3 - q + 0*q**p + 0 - 1/12*q**4. Calculate g(1).
0
Let o(j) be the third derivative of -j**4/12 + j**3/6 - j**2. Suppose -51 = -3*v - 9. Suppose -2*x + v = 4. Give o(x).
-9
Let k(c) = -c - 2. Let r = 0 + 4. Let d(h) = h**3 - 4*h**2 - 5. Let u be d(r). Let q = u - -1. Give k(q).
2
Let m = 6 - 2. Suppose 18 - 2 = -m*t - 4*w, 15 = -4*t - 3*w. Let x(i) = 2 + i + i + 0*i. Calculate x(t).
-4
Let g(j) = j**2 - 6. Let y be g(0). Let i be (-3)/3*y/(-2). Let d(c) = -c**3 - 3*c**2 - c - 3. Give d(i).
0
Let f(u) = u**2 + u + 4. Let z(v) = -v**2 - 2*v - 4. Let w(h) = 5*f(h) + 4*z(h). Calculate w(3).
4
Suppose 4 + 50 = 3*h. Suppose 5*r = -h - 17. Let t = -3 - r. Let o(n) = 3*n - 1. Determine o(t).
11
Let s be 1 + 11 + (-3)/1. Let b be s/6*(-16)/12. Let l(p) = 3*p + 3. What is l(b)?
-3
Suppose -3*x + 6*x = 0. Let b(m) be the second derivative of 0 - 1/20*m**5 + x*m**2 + m - 1/4*m**4 + 1/6*m**3. What is b(-2)?
-6
Let m(n) = -3*n**2 + 8*n + 9. Let o(x) = -10*x**2 + 24*x + 26. Let f(t) = 7*m(t) - 2*o(t). Give f(8).
11
Let m(g) = -g**3 + 6*g**2 + 8*g - 8. Let r be -14*(6/4 - 2). Let v be m(r). Let f(i) = -i**3 + i**2 + i. Calculate f(v).
1
Let z(j) = 9 - 2 - 4*j + 0*j. Let f(g) = g. Let y(x) = -2*f(x) - z(x). Give y(5).
3
Let i(d) = 3*d**2 - 8*d + 2. Let h(q) = q**2 - q + 1. Let r(f) = 2*h(f) - i(f). Determine r(5).
5
Let q(m) = m**2 - m. Let n(p) = p - 6. Let f be n(10). Determine q(f).
12
Let g(y) = -y**3 + 2*y**2 - 6*y + 3. Let q(o) = -4*o**3 + 7*o**2 - 25*o + 12. Let r(m) = 9*g(m) - 2*q(m). Determine r(4).
-13
Let k(v) be the first derivative of v**4/4 + 5*v**3/3 + 3*v**2/2 + v + 2. Let g = -20 - -16. What is k(g)?
5
Let p(h) = h - 2. Let v(q) = q - 17. Let t be v(14). Give p(t).
-5
Let l(y) = y**3 + 6*y**2 - 7*y + 2. Let j = -68 - -61. Determine l(j).
2
Let i be 18/(-4)*4/(-3). Let s(z) = 13*z + 9. Let a(w) = 13*w + 10. Let u(n) = 6*a(n) - 7*s(n). Let y(q) = -7*q - 2. Let p(j) = i*u(j) - 11*y(j). Give p(5).
-1
Let x(f) = -f + 10. Let q be x(7). Let c(n) = n**3 - n**2 + 2*n**3 - 4*n**q + n. What is c(-2)?
2
Let g(s) = 1. Let w(d) = -d + 23. Let p(n) = -3*g(n) - w(n). Give p(0).
-26
Let q(o) be the third derivative of o**6/120 - 13*o**5/60 + 13*o**4/24 - 11*o**3/6 - 44*o**2. Give q(12).
1
Let m(j) = -10*j + 2*j**2 + 3*j + 6*j. Give m(-2).
10
Let g(n) = n**2 - 6*n + 3. Let j = 25 + -19. What is g(j)?
3
Let y(n) = 0*n**2 - n - 5*n**2 - 1 - 3*n**2 + 3*n**2. Determine y(-1).
-5
Suppose -2*h - 33 = 5*b - 3, -h - 24 = -2*b. Let g = h - -19. Let p(v) = -10*v. What is p(g)?
10
Let u(n) = -n**3 - 6*n + 10. Let p(a) = 2 - a + 4*a**2 - 6*a**2 - 1 + a**2. Let b(r) = 4*p(r) - u(r). Determine b(4).
2
Suppose 4 = 5*v - 26. Let l(f) = f**3 - 6*f**2 - 2*f - 7. Determine l(v).
-19
Let c(w) = w + 1. Suppose -v + 20 = 3*v. Let t(n) = -n**3 - n - 2. Let r(s) = v*c(s) + 3*t(s). Let f = -42 - -43. What is r(f)?
-2
Let a(t) = -t**2 + 10*t - 10. Suppose 12*w - 121 = -13. Determine a(w).
-1
Let h(u) = -6*u + 1 + 204*u**2 + 198*u**2 - 400*u**2. What is h(4)?
9
Let u(w) = -w**2 - w + 1. Let o(m) = 6*m**2 + 11*m + 4. Let n(g) = o(g) + 5*u(g). Calculate n(-6).
9
Let w(v) = -v**2 + 4*v + 6. Let b = 9 + -3. Calculate w(b).
-6
Let s be (28/21)/((-2)/3). Let c(f) = f**3 + 3*f**2 + f - 1. Determine c(s).
1
Let i(a) = -a**3 + 5*a**2 - 4*a - 4. Suppose -6 = -t - 2. What is i(t)?
-4
Let o(a) = 33*a 